{"id":33,"date":"2011-02-10T20:28:35","date_gmt":"2011-02-10T19:28:35","guid":{"rendered":"http:\/\/localhost\/wordpress\/?page_id=33"},"modified":"2025-01-01T16:18:59","modified_gmt":"2025-01-01T15:18:59","slug":"impressum","status":"publish","type":"page","link":"http:\/\/www.bv-kienberg.de\/?page_id=33","title":{"rendered":"Impressum"},"content":{"rendered":"<p><strong>Verantwortlich f\u00fcr den Inhalt:<\/strong><br \/>\nKath. Burschenverein Kienberg e.V.<br \/>\n1.Vorsitzender Alexander Maier<br \/>\nM\u00f6rn 8<br \/>\n83361 Kienberg<\/p>\n<p><strong>Kontakt:<\/strong><br \/>\nBurschenverein.kienberg@web.de<br \/>\nKassier &amp; Webmaster: Vorname-Nachname@gmx.de<br \/>\n<em>(Zum Schutz vor Spam werden die Adressen hier nur umschrieben, zur Kontaktaufnahme bitte jeweiligen Vor- und Nachnamen einsetzen)<\/em><\/p>\n<p><strong>Webdesign by:<\/strong><br \/>\nFlorian Lochner<br \/>\numgesetzt mit <a href=\"http:\/\/wordpress.org\/\" target=\"_blank\" rel=\"noopener\"><img decoding=\"async\" src=\".\/wp-content\/themes\/twentyten_2010\/images\/wordpress.png\" alt=\"WordPress\" \/> WordPress<\/a><\/p>\n<p>Haftungsausschluss:<br \/>\nDer Anbieter \u00fcbernimmt keine Haftung f\u00fcr die Richtigkeit, Vollst\u00e4ndigkeit und Aktualit\u00e4t der bereitgestellten Informationen. Trotz sorgf\u00e4ltiger inhaltlicher Kontrolle \u00fcbernehmen wir keine Haftung f\u00fcr die Inhalte externer Links. F\u00fcr den Inhalt der verlinkten Seiten sind ausschlie\u00dflich deren Betreiber verantwortlich.<\/p>\n<p>Datenschutzerkl\u00e4rung:<br \/>\nW\u00e4hrend der Nutzung unserer Internetseite werden aus technischen, organisatorischen und statistischen Gr\u00fcnden folgende Daten gespeichert: Die Namen der von Ihnen aufgerufenen Seiten, des von Ihnen verwendeten Browsers und Ihres Betriebssystems, Datum und Uhrzeit des Zugangs, verwendete Suchmaschinen, Namen herunter geladener Dateien und ihre IP-Adresse.<br \/>\nWir werten diese technischen Daten anonym und lediglich zu statistischen Zwecken aus, um unsere Homepage noch attraktiver gestalten zu k\u00f6nnen.<\/p>\n<p>Verwendung von Facebook und Google Social Plugins:<br \/>\nUnser Internetauftritt verwendet Social Plugins der sozialen Netzwerke von Facebook und Google. Wenn Sie eine Webseite unseres Internetauftritts aufrufen, baut Ihr Browser eine direkte Verbindung mit den Servern von Facebook und Google auf. Wir haben keinen Einfluss auf den Umfang der Daten, die Facebook und Google mit Hilfe dieser Plugins erheben und informieren Sie deshalb hier entsprechend unserem Kenntnisstand:<br \/>\nDurch die Einbindung der Plugins erhalten Facebook und Google die Information, dass Sie die jeweilige Seite unseres Internetauftritts aufgerufen haben. Sind Sie bei Facebook oder Google+ eingeloggt, k\u00f6nnen diese den Besuch Ihrem jeweiligen Konto zuordnen. Wenn Sie den &#8222;Gef\u00e4llt mir&#8220; oder +1 (&#8222;Plus one&#8220;) Button bet\u00e4tigen oder einen Kommentar abgeben, wird die entsprechende Information direkt an Facebook, bzw. Google \u00fcbermittelt und dort gespeichert. Falls Sie kein Mitglied bei Facebook oder Google sind, besteht trotzdem die M\u00f6glichkeit, dass diese Ihre IP-Adresse in Erfahrung bringen und speichern. Umfang und Zweck der Datenerhebung, und die weitere Verarbeitung und Nutzung der Daten durch Facebook und Google sowie Ihre diesbez\u00fcglichen Rechte und M\u00f6glichkeiten zum Schutz Ihrer Privatssph\u00e4re k\u00f6nnen Sie den Datenschutzhinweisen von <a href=\"http:\/\/www.facebook.com\/policy.php\">Facebook<\/a> und <a href=\"http:\/\/www.google.com\/intl\/de\/privacy\/privacy-policy.html\">Google<\/a> entnehmen.<\/p>\n<p><em>\u00a0<\/em><br \/>\nDer Inhalt dieser Seiten ist urheberrechtlich gesch\u00fctzt. Vervielf\u00e4ltigung und Nutzung ohne die ausdr\u00fcckliche, schriftliche Genehmigung der Verfasser ist untersagt.<\/p>\n<p><a href=\".\/wp-admin\" target=\"_blank\" rel=\"noopener\">Login<\/a><\/p>\n","protected":false},"excerpt":{"rendered":"<p>Verantwortlich f\u00fcr den Inhalt: Kath. Burschenverein Kienberg e.V. 1.Vorsitzender Alexander Maier M\u00f6rn 8 83361 Kienberg Kontakt: Burschenverein.kienberg@web.de Kassier &amp; Webmaster: Vorname-Nachname@gmx.de (Zum Schutz vor Spam werden die Adressen hier nur umschrieben, zur Kontaktaufnahme bitte jeweiligen Vor- und Nachnamen einsetzen) Webdesign &hellip; <a href=\"http:\/\/www.bv-kienberg.de\/?page_id=33\">Weiterlesen <span class=\"meta-nav\">&rarr;<\/span><\/a><\/p>\n","protected":false},"author":1,"featured_media":0,"parent":0,"menu_order":90,"comment_status":"closed","ping_status":"closed","template":"onecolumn-page.php","meta":{"footnotes":""},"class_list":["post-33","page","type-page","status-publish","hentry"],"_links":{"self":[{"href":"http:\/\/www.bv-kienberg.de\/index.php?rest_route=\/wp\/v2\/pages\/33","targetHints":{"allow":["GET"]}}],"collection":[{"href":"http:\/\/www.bv-kienberg.de\/index.php?rest_route=\/wp\/v2\/pages"}],"about":[{"href":"http:\/\/www.bv-kienberg.de\/index.php?rest_route=\/wp\/v2\/types\/page"}],"author":[{"embeddable":true,"href":"http:\/\/www.bv-kienberg.de\/index.php?rest_route=\/wp\/v2\/users\/1"}],"replies":[{"embeddable":true,"href":"http:\/\/www.bv-kienberg.de\/index.php?rest_route=%2Fwp%2Fv2%2Fcomments&post=33"}],"version-history":[{"count":47,"href":"http:\/\/www.bv-kienberg.de\/index.php?rest_route=\/wp\/v2\/pages\/33\/revisions"}],"predecessor-version":[{"id":1895,"href":"http:\/\/www.bv-kienberg.de\/index.php?rest_route=\/wp\/v2\/pages\/33\/revisions\/1895"}],"wp:attachment":[{"href":"http:\/\/www.bv-kienberg.de\/index.php?rest_route=%2Fwp%2Fv2%2Fmedia&parent=33"}],"curies":[{"name":"wp","href":"https:\/\/api.w.org\/{rel}","templated":true}]}}